{"id":5195,"date":"2023-08-22T21:44:38","date_gmt":"2023-08-22T19:44:38","guid":{"rendered":"https:\/\/rababcreation.com\/index.php\/produit\/pia-lot-de-3-barrettes-avec-des-couleurs-pastels\/"},"modified":"2024-10-16T17:17:37","modified_gmt":"2024-10-16T15:17:37","slug":"pia-lot-de-3-barrettes-avec-des-couleurs-pastels","status":"publish","type":"product","link":"https:\/\/rababcreation.com\/index.php\/produit\/pia-lot-de-3-barrettes-avec-des-couleurs-pastels\/","title":{"rendered":"Pia | Lot de 3 barrettes avec des couleurs pastels"},"content":{"rendered":"<h3 data-mce-fragment=\"1\" data-pm-slice=\"1 1 []\">Trois barrette\u00a0pastel nomm\u00e9e\u00a0PIA<strong data-mce-fragment=\"1\">\ud83c\udf38<\/strong><\/h3>\n<p data-mce-fragment=\"1\">Tr\u00e8s joli accessoire sp\u00e9cial summer vibes pour vos cheveux dans des nuances rose et orange super d\u00e9licats et m\u00e9ga\u00a0<strong data-mce-fragment=\"1\">mignonnes<\/strong>\u00a0crochet\u00e9s<strong data-mce-fragment=\"1\">\u00a0\u00e0 la main<\/strong>\u00a0et avec un fil 100% coton.<\/p>\n<p data-mce-fragment=\"1\">Elles conviennent avec tous type de tenue, casual \/\u00a0<strong data-mce-fragment=\"1\">original<\/strong><span data-mce-fragment=\"1\">\u00a0<\/span>ou vintage et de plus elles donneront une touche de couleur \u00e0 votre look.<\/p>\n<h3 class=\"product-facts-title\" data-mce-fragment=\"1\">\u00c0 propos de cet article :<\/h3>\n<ul class=\"a-unordered-list a-vertical a-spacing-small\" data-mce-fragment=\"1\">\n<li data-mce-fragment=\"1\"><span class=\"a-list-item a-size-base a-color-secondary\" data-mce-fragment=\"1\"><span data-mce-fragment=\"1\">Mat\u00e9riaux :<\/span><span data-mce-fragment=\"1\">\u00a0<\/span>La barrette est fabriqu\u00e9e en mat\u00e9riaux respectueux \u00e0 l&rsquo;environnement.<\/span><\/li>\n<\/ul>\n<ul class=\"a-unordered-list a-vertical a-spacing-small\" data-mce-fragment=\"1\">\n<li data-mce-fragment=\"1\"><span class=\"a-list-item a-size-base a-color-secondary\" data-mce-fragment=\"1\"><span data-mce-fragment=\"1\">Taille :<\/span><span data-mce-fragment=\"1\">\u00a0<\/span>En ce qui concerne la taille,\u00a0la barrette\u00a0fait\u00a0<strong data-mce-fragment=\"1\">\u00a05cm<\/strong><span data-mce-fragment=\"1\">\u00a0<\/span>de longueur et<span data-mce-fragment=\"1\">\u00a0<\/span><strong data-mce-fragment=\"1\">4.5 cm<\/strong><span data-mce-fragment=\"1\">\u00a0<\/span>de largeur.\u00a0<\/span><\/li>\n<li data-mce-fragment=\"1\"><span class=\"a-list-item a-size-base a-color-secondary\" data-mce-fragment=\"1\"><span data-mce-fragment=\"1\">Cadeau :<\/span><span data-mce-fragment=\"1\">\u00a0<\/span>la barrette est une superbe id\u00e9e de cadeau pour un anniversaire ou no\u00ebl ou juste pour ce faire plaisir !<\/span><\/li>\n<\/ul>\n<h3 data-mce-fragment=\"1\"><span class=\"a-list-item a-size-base a-color-secondary\" data-mce-fragment=\"1\">Conseils d&rsquo;utilisations :<\/span><\/h3>\n<p data-mce-fragment=\"1\"><span class=\"a-list-item a-size-base a-color-secondary\" data-mce-fragment=\"1\">\u26a0\ufe0f Par ailleurs, l<\/span>es cr\u00e9ations en crochet sont fragiles et doivent \u00eatre manipul\u00e9es avec<strong data-mce-fragment=\"1\">\u00a0beaucoup de soin :<\/strong><\/p>\n<ul data-mce-fragment=\"1\" aria-labelledby=\"alternatives-heading\">\n<li class=\"lmt__translations_as_text__item\" data-mce-fragment=\"1\">Tenir \u00e0 l&rsquo;\u00e9cart de l&rsquo;eau,<\/li>\n<li class=\"lmt__translations_as_text__item\" data-mce-fragment=\"1\">ranger s\u00e9par\u00e9ment dans une bo\u00eete \u00e0 bijoux \u00e0 l&rsquo;air libre,<\/li>\n<\/ul>\n<h3 data-mce-fragment=\"1\">\u00c0 savoir \u00e9galement :<\/h3>\n<div class=\"a-fixed-left-grid product-facts-detail\" data-mce-fragment=\"1\">\n<div class=\"a-fixed-left-grid-inner\" data-mce-fragment=\"1\">\n<div class=\"a-fixed-left-grid-col a-col-left\" data-mce-fragment=\"1\">\n<ul data-mce-fragment=\"1\">\n<li data-mce-fragment=\"1\"><span class=\"a-color-base a-text-bold\" data-mce-fragment=\"1\"><span data-mce-fragment=\"1\">Pays d&rsquo;origine :<\/span>\u00a0<\/span><span class=\"a-color-secondary\" data-mce-fragment=\"1\">France<\/span><\/li>\n<li data-mce-fragment=\"1\"><span class=\"a-color-secondary\" data-mce-fragment=\"1\"><span data-mce-fragment=\"1\">Fait main :<\/span>\u00a0Oui<\/span><\/li>\n<li data-mce-fragment=\"1\"><span class=\"a-color-secondary\" data-mce-fragment=\"1\"><span data-mce-fragment=\"1\">Personnalisable :<\/span>\u00a0Non<\/span><\/li>\n<\/ul>\n<\/div>\n<\/div>\n<\/div>\n","protected":false},"excerpt":{"rendered":"<p>Trois barrette\u00a0pastel nomm\u00e9e\u00a0PIA\ud83c\udf38 Tr\u00e8s joli accessoire sp\u00e9cial summer vibes pour vos cheveux dans des nuances rose et orange super d\u00e9licats et m\u00e9ga\u00a0mignonnes\u00a0crochet\u00e9s\u00a0\u00e0 la main\u00a0et avec un fil 100% coton. Elles conviennent avec tous type de tenue, casual \/\u00a0original\u00a0ou vintage et de plus elles donneront une touche de couleur \u00e0 votre look. \u00c0 propos de cet [&hellip;]<\/p>\n","protected":false},"featured_media":4520,"comment_status":"open","ping_status":"closed","template":"","meta":{"site-sidebar-layout":"default","site-content-layout":"","ast-site-content-layout":"default","site-content-style":"default","site-sidebar-style":"default","ast-global-header-display":"","ast-banner-title-visibility":"","ast-main-header-display":"","ast-hfb-above-header-display":"","ast-hfb-below-header-display":"","ast-hfb-mobile-header-display":"","site-post-title":"","ast-breadcrumbs-content":"","ast-featured-img":"","footer-sml-layout":"","theme-transparent-header-meta":"default","adv-header-id-meta":"","stick-header-meta":"","header-above-stick-meta":"","header-main-stick-meta":"","header-below-stick-meta":"","astra-migrate-meta-layouts":"set","ast-page-background-enabled":"default","ast-page-background-meta":{"desktop":{"background-color":"","background-image":"","background-repeat":"repeat","background-position":"center center","background-size":"auto","background-attachment":"scroll","background-type":"","background-media":"","overlay-type":"","overlay-color":"","overlay-opacity":"","overlay-gradient":""},"tablet":{"background-color":"","background-image":"","background-repeat":"repeat","background-position":"center center","background-size":"auto","background-attachment":"scroll","background-type":"","background-media":"","overlay-type":"","overlay-color":"","overlay-opacity":"","overlay-gradient":""},"mobile":{"background-color":"","background-image":"","background-repeat":"repeat","background-position":"center center","background-size":"auto","background-attachment":"scroll","background-type":"","background-media":"","overlay-type":"","overlay-color":"","overlay-opacity":"","overlay-gradient":""}},"ast-content-background-meta":{"desktop":{"background-color":"var(--ast-global-color-5)","background-image":"","background-repeat":"repeat","background-position":"center center","background-size":"auto","background-attachment":"scroll","background-type":"","background-media":"","overlay-type":"","overlay-color":"","overlay-opacity":"","overlay-gradient":""},"tablet":{"background-color":"var(--ast-global-color-5)","background-image":"","background-repeat":"repeat","background-position":"center center","background-size":"auto","background-attachment":"scroll","background-type":"","background-media":"","overlay-type":"","overlay-color":"","overlay-opacity":"","overlay-gradient":""},"mobile":{"background-color":"var(--ast-global-color-5)","background-image":"","background-repeat":"repeat","background-position":"center center","background-size":"auto","background-attachment":"scroll","background-type":"","background-media":"","overlay-type":"","overlay-color":"","overlay-opacity":"","overlay-gradient":""}}},"product_brand":[],"product_cat":[275],"product_tag":[],"class_list":{"0":"post-5195","1":"product","2":"type-product","3":"status-publish","4":"has-post-thumbnail","6":"product_cat-barrettes","7":"desktop-align-center","8":"tablet-align-left","9":"mobile-align-left","11":"first","12":"instock","13":"featured","14":"shipping-taxable","15":"purchasable","16":"product-type-variable"},"jetpack_sharing_enabled":true,"_links":{"self":[{"href":"https:\/\/rababcreation.com\/index.php\/wp-json\/wp\/v2\/product\/5195","targetHints":{"allow":["GET"]}}],"collection":[{"href":"https:\/\/rababcreation.com\/index.php\/wp-json\/wp\/v2\/product"}],"about":[{"href":"https:\/\/rababcreation.com\/index.php\/wp-json\/wp\/v2\/types\/product"}],"replies":[{"embeddable":true,"href":"https:\/\/rababcreation.com\/index.php\/wp-json\/wp\/v2\/comments?post=5195"}],"version-history":[{"count":1,"href":"https:\/\/rababcreation.com\/index.php\/wp-json\/wp\/v2\/product\/5195\/revisions"}],"predecessor-version":[{"id":6294,"href":"https:\/\/rababcreation.com\/index.php\/wp-json\/wp\/v2\/product\/5195\/revisions\/6294"}],"wp:featuredmedia":[{"embeddable":true,"href":"https:\/\/rababcreation.com\/index.php\/wp-json\/wp\/v2\/media\/4520"}],"wp:attachment":[{"href":"https:\/\/rababcreation.com\/index.php\/wp-json\/wp\/v2\/media?parent=5195"}],"wp:term":[{"taxonomy":"product_brand","embeddable":true,"href":"https:\/\/rababcreation.com\/index.php\/wp-json\/wp\/v2\/product_brand?post=5195"},{"taxonomy":"product_cat","embeddable":true,"href":"https:\/\/rababcreation.com\/index.php\/wp-json\/wp\/v2\/product_cat?post=5195"},{"taxonomy":"product_tag","embeddable":true,"href":"https:\/\/rababcreation.com\/index.php\/wp-json\/wp\/v2\/product_tag?post=5195"}],"curies":[{"name":"wp","href":"https:\/\/api.w.org\/{rel}","templated":true}]}}