{"id":5631,"date":"2023-08-22T21:55:22","date_gmt":"2023-08-22T19:55:22","guid":{"rendered":"https:\/\/rababcreation.com\/index.php\/produit\/sun-boucles-doreilles-tournesol\/"},"modified":"2025-02-24T22:11:05","modified_gmt":"2025-02-24T21:11:05","slug":"sun-boucles-doreilles-tournesol","status":"publish","type":"product","link":"https:\/\/rababcreation.com\/index.php\/produit\/sun-boucles-doreilles-tournesol\/","title":{"rendered":"SUN | Boucles d&rsquo;oreilles tournesol"},"content":{"rendered":"<p>Si vous \u00eates \u00e0 la recherche d&rsquo;un rayon de soleil, ces boucles d&rsquo;oreilles <strong>SUN<\/strong>\u00a0feront l&rsquo;affaire !<\/p>\n<p>De tr\u00e8s jolis tournesols crochet\u00e9s avec un fil 100% coton qui donneront une touche fleurie et originale \u00e0 vos tenues et sont tout \u00e0 fait adapt\u00e9es au printemps.<\/p>\n<p>Le bijou est livr\u00e9 dans une jolie pochette en organza bien prot\u00e9g\u00e9e \ud83d\udc4c<\/p>\n<p>\u26a0\ufe0f Les cr\u00e9ations artisanales sont fragiles et doivent \u00eatre manipul\u00e9es avec\u00a0beaucoup de soin.<\/p>\n","protected":false},"excerpt":{"rendered":"<p>Si vous \u00eates \u00e0 la recherche d&rsquo;un rayon de soleil, ces boucles d&rsquo;oreilles SUN\u00a0feront l&rsquo;affaire ! De tr\u00e8s jolis tournesols crochet\u00e9s avec un fil 100% coton qui donneront une touche fleurie et originale \u00e0 vos tenues et sont tout \u00e0 fait adapt\u00e9es au printemps. Le bijou est livr\u00e9 dans une jolie pochette en organza bien [&hellip;]<\/p>\n","protected":false},"featured_media":5630,"comment_status":"open","ping_status":"closed","template":"","meta":{"site-sidebar-layout":"default","site-content-layout":"","ast-site-content-layout":"default","site-content-style":"default","site-sidebar-style":"default","ast-global-header-display":"","ast-banner-title-visibility":"","ast-main-header-display":"","ast-hfb-above-header-display":"","ast-hfb-below-header-display":"","ast-hfb-mobile-header-display":"","site-post-title":"","ast-breadcrumbs-content":"","ast-featured-img":"","footer-sml-layout":"","theme-transparent-header-meta":"default","adv-header-id-meta":"","stick-header-meta":"","header-above-stick-meta":"","header-main-stick-meta":"","header-below-stick-meta":"","astra-migrate-meta-layouts":"set","ast-page-background-enabled":"default","ast-page-background-meta":{"desktop":{"background-color":"","background-image":"","background-repeat":"repeat","background-position":"center center","background-size":"auto","background-attachment":"scroll","background-type":"","background-media":"","overlay-type":"","overlay-color":"","overlay-opacity":"","overlay-gradient":""},"tablet":{"background-color":"","background-image":"","background-repeat":"repeat","background-position":"center center","background-size":"auto","background-attachment":"scroll","background-type":"","background-media":"","overlay-type":"","overlay-color":"","overlay-opacity":"","overlay-gradient":""},"mobile":{"background-color":"","background-image":"","background-repeat":"repeat","background-position":"center center","background-size":"auto","background-attachment":"scroll","background-type":"","background-media":"","overlay-type":"","overlay-color":"","overlay-opacity":"","overlay-gradient":""}},"ast-content-background-meta":{"desktop":{"background-color":"var(--ast-global-color-5)","background-image":"","background-repeat":"repeat","background-position":"center center","background-size":"auto","background-attachment":"scroll","background-type":"","background-media":"","overlay-type":"","overlay-color":"","overlay-opacity":"","overlay-gradient":""},"tablet":{"background-color":"var(--ast-global-color-5)","background-image":"","background-repeat":"repeat","background-position":"center center","background-size":"auto","background-attachment":"scroll","background-type":"","background-media":"","overlay-type":"","overlay-color":"","overlay-opacity":"","overlay-gradient":""},"mobile":{"background-color":"var(--ast-global-color-5)","background-image":"","background-repeat":"repeat","background-position":"center center","background-size":"auto","background-attachment":"scroll","background-type":"","background-media":"","overlay-type":"","overlay-color":"","overlay-opacity":"","overlay-gradient":""}}},"product_brand":[],"product_cat":[276],"product_tag":[70,71,72,73,74,75,76,77,78,79,80,81,82],"class_list":{"0":"post-5631","1":"product","2":"type-product","3":"status-publish","4":"has-post-thumbnail","6":"product_cat-boucles-doreilles","7":"product_tag-bijou_dere","8":"product_tag-bijou_dete_jaune","9":"product_tag-bijou_tournesol","10":"product_tag-boucles_boheme_sunflower","11":"product_tag-boucles_doreilles_fleur","12":"product_tag-boucles_sunflower","13":"product_tag-cadeau_bijou_fleuri_coton","14":"product_tag-creation_sunflower","15":"product_tag-crochet_sunflower","16":"product_tag-florals","17":"product_tag-rababcreation","18":"product_tag-sunny","19":"product_tag-yellow_earrings","20":"desktop-align-center","21":"tablet-align-left","22":"mobile-align-left","24":"first","25":"instock","26":"sale","27":"featured","28":"purchasable","29":"product-type-simple"},"jetpack_sharing_enabled":true,"_links":{"self":[{"href":"https:\/\/rababcreation.com\/index.php\/wp-json\/wp\/v2\/product\/5631","targetHints":{"allow":["GET"]}}],"collection":[{"href":"https:\/\/rababcreation.com\/index.php\/wp-json\/wp\/v2\/product"}],"about":[{"href":"https:\/\/rababcreation.com\/index.php\/wp-json\/wp\/v2\/types\/product"}],"replies":[{"embeddable":true,"href":"https:\/\/rababcreation.com\/index.php\/wp-json\/wp\/v2\/comments?post=5631"}],"version-history":[{"count":1,"href":"https:\/\/rababcreation.com\/index.php\/wp-json\/wp\/v2\/product\/5631\/revisions"}],"predecessor-version":[{"id":5984,"href":"https:\/\/rababcreation.com\/index.php\/wp-json\/wp\/v2\/product\/5631\/revisions\/5984"}],"wp:featuredmedia":[{"embeddable":true,"href":"https:\/\/rababcreation.com\/index.php\/wp-json\/wp\/v2\/media\/5630"}],"wp:attachment":[{"href":"https:\/\/rababcreation.com\/index.php\/wp-json\/wp\/v2\/media?parent=5631"}],"wp:term":[{"taxonomy":"product_brand","embeddable":true,"href":"https:\/\/rababcreation.com\/index.php\/wp-json\/wp\/v2\/product_brand?post=5631"},{"taxonomy":"product_cat","embeddable":true,"href":"https:\/\/rababcreation.com\/index.php\/wp-json\/wp\/v2\/product_cat?post=5631"},{"taxonomy":"product_tag","embeddable":true,"href":"https:\/\/rababcreation.com\/index.php\/wp-json\/wp\/v2\/product_tag?post=5631"}],"curies":[{"name":"wp","href":"https:\/\/api.w.org\/{rel}","templated":true}]}}