{"id":5807,"date":"2023-08-22T21:57:35","date_gmt":"2023-08-22T19:57:35","guid":{"rendered":"https:\/\/rababcreation.com\/index.php\/produit\/caro-boucles-doreilles-carotte\/"},"modified":"2025-05-24T18:35:42","modified_gmt":"2025-05-24T16:35:42","slug":"caro-boucles-doreilles-carotte","status":"publish","type":"product","link":"https:\/\/rababcreation.com\/index.php\/produit\/caro-boucles-doreilles-carotte\/","title":{"rendered":"CARO | Boucles d&rsquo;oreilles carotte"},"content":{"rendered":"<p data-mce-fragment=\"1\">Les fruits et l\u00e9gumes, il en faut 7 par jour et pas que pour la sant\u00e9 !<\/p>\n<p data-mce-fragment=\"1\"><strong>CARO <\/strong>est la paire de carotte fra\u00eeche et adorable\u00a0qui apportera la portion de l\u00e9gumes\u00a0pour votre journ\u00e9e. Ce bijou est r\u00e9alis\u00e9 avec un fil de coton tr\u00e8s fin (ce qui n\u00e9cessite un travail de pr\u00e9cision \ud83d\udc40) mais surtout avec amour \u2764\ufe0f et beaucoup de soin.<\/p>\n<p data-mce-fragment=\"1\">Le bijou est livr\u00e9 dans une jolie pochette en organza bien prot\u00e9g\u00e9e \ud83d\udc4c<\/p>\n<p data-mce-fragment=\"1\">\u26a0\ufe0f Les cr\u00e9ations artisanales sont fragiles et doivent \u00eatre manipul\u00e9es avec<span data-mce-fragment=\"1\">\u00a0<\/span>beaucoup de soin.<\/p>\n","protected":false},"excerpt":{"rendered":"<p>Les fruits et l\u00e9gumes, il en faut 7 par jour et pas que pour la sant\u00e9 ! CARO est la paire de carotte fra\u00eeche et adorable\u00a0qui apportera la portion de l\u00e9gumes\u00a0pour votre journ\u00e9e. Ce bijou est r\u00e9alis\u00e9 avec un fil de coton tr\u00e8s fin (ce qui n\u00e9cessite un travail de pr\u00e9cision \ud83d\udc40) mais surtout avec [&hellip;]<\/p>\n","protected":false},"featured_media":5806,"comment_status":"open","ping_status":"closed","template":"","meta":{"site-sidebar-layout":"default","site-content-layout":"","ast-site-content-layout":"default","site-content-style":"default","site-sidebar-style":"default","ast-global-header-display":"","ast-banner-title-visibility":"","ast-main-header-display":"","ast-hfb-above-header-display":"","ast-hfb-below-header-display":"","ast-hfb-mobile-header-display":"","site-post-title":"","ast-breadcrumbs-content":"","ast-featured-img":"","footer-sml-layout":"","theme-transparent-header-meta":"default","adv-header-id-meta":"","stick-header-meta":"","header-above-stick-meta":"","header-main-stick-meta":"","header-below-stick-meta":"","astra-migrate-meta-layouts":"set","ast-page-background-enabled":"default","ast-page-background-meta":{"desktop":{"background-color":"","background-image":"","background-repeat":"repeat","background-position":"center center","background-size":"auto","background-attachment":"scroll","background-type":"","background-media":"","overlay-type":"","overlay-color":"","overlay-opacity":"","overlay-gradient":""},"tablet":{"background-color":"","background-image":"","background-repeat":"repeat","background-position":"center center","background-size":"auto","background-attachment":"scroll","background-type":"","background-media":"","overlay-type":"","overlay-color":"","overlay-opacity":"","overlay-gradient":""},"mobile":{"background-color":"","background-image":"","background-repeat":"repeat","background-position":"center center","background-size":"auto","background-attachment":"scroll","background-type":"","background-media":"","overlay-type":"","overlay-color":"","overlay-opacity":"","overlay-gradient":""}},"ast-content-background-meta":{"desktop":{"background-color":"var(--ast-global-color-5)","background-image":"","background-repeat":"repeat","background-position":"center center","background-size":"auto","background-attachment":"scroll","background-type":"","background-media":"","overlay-type":"","overlay-color":"","overlay-opacity":"","overlay-gradient":""},"tablet":{"background-color":"var(--ast-global-color-5)","background-image":"","background-repeat":"repeat","background-position":"center center","background-size":"auto","background-attachment":"scroll","background-type":"","background-media":"","overlay-type":"","overlay-color":"","overlay-opacity":"","overlay-gradient":""},"mobile":{"background-color":"var(--ast-global-color-5)","background-image":"","background-repeat":"repeat","background-position":"center center","background-size":"auto","background-attachment":"scroll","background-type":"","background-media":"","overlay-type":"","overlay-color":"","overlay-opacity":"","overlay-gradient":""}}},"product_brand":[],"product_cat":[276],"product_tag":[177,180,196,181,257,182,156,258,259,260,261,186,115,262],"class_list":{"0":"post-5807","1":"product","2":"type-product","3":"status-publish","4":"has-post-thumbnail","6":"product_cat-boucles-doreilles","7":"product_tag-accessoire_fait_main","8":"product_tag-bijou_en_coton","9":"product_tag-bijou_legume","10":"product_tag-bijou_naturel","11":"product_tag-bijou_orange","12":"product_tag-bijou_original","13":"product_tag-bijoux_mignons","14":"product_tag-boucle_au_crochet","15":"product_tag-boucle_doreille_carotte","16":"product_tag-boucle_doreille_triangle","17":"product_tag-fruit_et_legumes","18":"product_tag-idee_cadeau","19":"product_tag-import_2022_08_01_111926","20":"product_tag-legumes","21":"desktop-align-center","22":"tablet-align-left","23":"mobile-align-left","25":"first","26":"instock","27":"sale","28":"purchasable","29":"product-type-simple"},"jetpack_sharing_enabled":true,"_links":{"self":[{"href":"https:\/\/rababcreation.com\/index.php\/wp-json\/wp\/v2\/product\/5807","targetHints":{"allow":["GET"]}}],"collection":[{"href":"https:\/\/rababcreation.com\/index.php\/wp-json\/wp\/v2\/product"}],"about":[{"href":"https:\/\/rababcreation.com\/index.php\/wp-json\/wp\/v2\/types\/product"}],"replies":[{"embeddable":true,"href":"https:\/\/rababcreation.com\/index.php\/wp-json\/wp\/v2\/comments?post=5807"}],"version-history":[{"count":1,"href":"https:\/\/rababcreation.com\/index.php\/wp-json\/wp\/v2\/product\/5807\/revisions"}],"predecessor-version":[{"id":5865,"href":"https:\/\/rababcreation.com\/index.php\/wp-json\/wp\/v2\/product\/5807\/revisions\/5865"}],"wp:featuredmedia":[{"embeddable":true,"href":"https:\/\/rababcreation.com\/index.php\/wp-json\/wp\/v2\/media\/5806"}],"wp:attachment":[{"href":"https:\/\/rababcreation.com\/index.php\/wp-json\/wp\/v2\/media?parent=5807"}],"wp:term":[{"taxonomy":"product_brand","embeddable":true,"href":"https:\/\/rababcreation.com\/index.php\/wp-json\/wp\/v2\/product_brand?post=5807"},{"taxonomy":"product_cat","embeddable":true,"href":"https:\/\/rababcreation.com\/index.php\/wp-json\/wp\/v2\/product_cat?post=5807"},{"taxonomy":"product_tag","embeddable":true,"href":"https:\/\/rababcreation.com\/index.php\/wp-json\/wp\/v2\/product_tag?post=5807"}],"curies":[{"name":"wp","href":"https:\/\/api.w.org\/{rel}","templated":true}]}}