{"id":7730,"date":"2023-10-26T17:57:53","date_gmt":"2023-10-26T15:57:53","guid":{"rendered":"https:\/\/rababcreation.com\/?post_type=product&#038;p=7730"},"modified":"2025-03-05T10:00:48","modified_gmt":"2025-03-05T09:00:48","slug":"pattern-bag-charm-carotte","status":"publish","type":"product","link":"https:\/\/rababcreation.com\/index.php\/produit\/pattern-bag-charm-carotte\/","title":{"rendered":"Patron | Bag charm carotte PDF \ud83e\udd55"},"content":{"rendered":"<p><strong>Patron de Porte-Cl\u00e9s carotte &#8211; T\u00e9l\u00e9chargement Num\u00e9rique<\/strong><\/p>\n<p>Si vous \u00eates une passionn\u00e9e de crochet en qu\u00eate de projets mignons, de motifs enchanteurs et d&rsquo;heures de d\u00e9tente productives, vous \u00eates au bon endroit !<\/p>\n<p><strong>Caract\u00e9ristiques du Patron<\/strong> :<\/p>\n<ul>\n<li>\ud83e\uddf5 <strong>Facile \u00e0 R\u00e9aliser<\/strong> : Notre patron est adapt\u00e9 aux d\u00e9butants et aux experts en crochet . Les instructions d\u00e9taill\u00e9es vous guideront pas \u00e0 pas \u00e0 travers le processus de cr\u00e9ation.<\/li>\n<li>\ud83e\udea1 <strong>Personnalisation Illimit\u00e9e<\/strong> : Choisissez vos fils et couleurs pr\u00e9f\u00e9r\u00e9s pour cr\u00e9er un porte-cl\u00e9s unique qui refl\u00e8te votre style.<\/li>\n<li>\ud83c\udf1f <strong>Polyvalent<\/strong> : Utilisez le bag charm pour ranger vos petits objets (des m\u00e9dicaments, de la monnaie , des pierres pr\u00e9cieuses\u2026).<\/li>\n<li>\ud83d\udcbb <strong>T\u00e9l\u00e9chargement Num\u00e9rique<\/strong> : Achetez et t\u00e9l\u00e9chargez instantan\u00e9ment votre patron. Pas besoin d&rsquo;attendre la livraison !<\/li>\n<li>\ud83d\udd52 <strong>Expiration du Lien<\/strong> : Le lien de t\u00e9l\u00e9chargement sera actif pendant 5 jours \u00e0 compter de la date d&rsquo;achat. Assurez vous de le t\u00e9l\u00e9charger rapidement pour acc\u00e9der \u00e0 votre patron.<\/li>\n<\/ul>\n<p><strong>Remarque<\/strong> : Ceci est un produit num\u00e9rique, aucun article physique ne sera exp\u00e9di\u00e9. Les comp\u00e9tences de crochet de base sont requises pour r\u00e9aliser ce projet.<\/p>\n","protected":false},"excerpt":{"rendered":"<p>Patron de Porte-Cl\u00e9s carotte &#8211; T\u00e9l\u00e9chargement Num\u00e9rique Si vous \u00eates une passionn\u00e9e de crochet en qu\u00eate de projets mignons, de motifs enchanteurs et d&rsquo;heures de d\u00e9tente productives, vous \u00eates au bon endroit ! Caract\u00e9ristiques du Patron : \ud83e\uddf5 Facile \u00e0 R\u00e9aliser : Notre patron est adapt\u00e9 aux d\u00e9butants et aux experts en crochet . Les [&hellip;]<\/p>\n","protected":false},"featured_media":7734,"comment_status":"open","ping_status":"closed","template":"","meta":{"site-sidebar-layout":"default","site-content-layout":"","ast-site-content-layout":"default","site-content-style":"default","site-sidebar-style":"default","ast-global-header-display":"","ast-banner-title-visibility":"","ast-main-header-display":"","ast-hfb-above-header-display":"","ast-hfb-below-header-display":"","ast-hfb-mobile-header-display":"","site-post-title":"","ast-breadcrumbs-content":"","ast-featured-img":"","footer-sml-layout":"","theme-transparent-header-meta":"default","adv-header-id-meta":"","stick-header-meta":"","header-above-stick-meta":"","header-main-stick-meta":"","header-below-stick-meta":"","astra-migrate-meta-layouts":"set","ast-page-background-enabled":"default","ast-page-background-meta":{"desktop":{"background-color":"","background-image":"","background-repeat":"repeat","background-position":"center center","background-size":"auto","background-attachment":"scroll","background-type":"","background-media":"","overlay-type":"","overlay-color":"","overlay-opacity":"","overlay-gradient":""},"tablet":{"background-color":"","background-image":"","background-repeat":"repeat","background-position":"center center","background-size":"auto","background-attachment":"scroll","background-type":"","background-media":"","overlay-type":"","overlay-color":"","overlay-opacity":"","overlay-gradient":""},"mobile":{"background-color":"","background-image":"","background-repeat":"repeat","background-position":"center center","background-size":"auto","background-attachment":"scroll","background-type":"","background-media":"","overlay-type":"","overlay-color":"","overlay-opacity":"","overlay-gradient":""}},"ast-content-background-meta":{"desktop":{"background-color":"var(--ast-global-color-5)","background-image":"","background-repeat":"repeat","background-position":"center center","background-size":"auto","background-attachment":"scroll","background-type":"","background-media":"","overlay-type":"","overlay-color":"","overlay-opacity":"","overlay-gradient":""},"tablet":{"background-color":"var(--ast-global-color-5)","background-image":"","background-repeat":"repeat","background-position":"center center","background-size":"auto","background-attachment":"scroll","background-type":"","background-media":"","overlay-type":"","overlay-color":"","overlay-opacity":"","overlay-gradient":""},"mobile":{"background-color":"var(--ast-global-color-5)","background-image":"","background-repeat":"repeat","background-position":"center center","background-size":"auto","background-attachment":"scroll","background-type":"","background-media":"","overlay-type":"","overlay-color":"","overlay-opacity":"","overlay-gradient":""}}},"product_brand":[],"product_cat":[310],"product_tag":[],"class_list":{"0":"post-7730","1":"product","2":"type-product","3":"status-publish","4":"has-post-thumbnail","6":"product_cat-patterns","7":"desktop-align-center","8":"tablet-align-left","9":"mobile-align-left","11":"first","12":"instock","13":"sold-individually","14":"shipping-taxable","15":"purchasable","16":"product-type-variable"},"jetpack_sharing_enabled":true,"_links":{"self":[{"href":"https:\/\/rababcreation.com\/index.php\/wp-json\/wp\/v2\/product\/7730","targetHints":{"allow":["GET"]}}],"collection":[{"href":"https:\/\/rababcreation.com\/index.php\/wp-json\/wp\/v2\/product"}],"about":[{"href":"https:\/\/rababcreation.com\/index.php\/wp-json\/wp\/v2\/types\/product"}],"replies":[{"embeddable":true,"href":"https:\/\/rababcreation.com\/index.php\/wp-json\/wp\/v2\/comments?post=7730"}],"version-history":[{"count":3,"href":"https:\/\/rababcreation.com\/index.php\/wp-json\/wp\/v2\/product\/7730\/revisions"}],"predecessor-version":[{"id":8427,"href":"https:\/\/rababcreation.com\/index.php\/wp-json\/wp\/v2\/product\/7730\/revisions\/8427"}],"wp:featuredmedia":[{"embeddable":true,"href":"https:\/\/rababcreation.com\/index.php\/wp-json\/wp\/v2\/media\/7734"}],"wp:attachment":[{"href":"https:\/\/rababcreation.com\/index.php\/wp-json\/wp\/v2\/media?parent=7730"}],"wp:term":[{"taxonomy":"product_brand","embeddable":true,"href":"https:\/\/rababcreation.com\/index.php\/wp-json\/wp\/v2\/product_brand?post=7730"},{"taxonomy":"product_cat","embeddable":true,"href":"https:\/\/rababcreation.com\/index.php\/wp-json\/wp\/v2\/product_cat?post=7730"},{"taxonomy":"product_tag","embeddable":true,"href":"https:\/\/rababcreation.com\/index.php\/wp-json\/wp\/v2\/product_tag?post=7730"}],"curies":[{"name":"wp","href":"https:\/\/api.w.org\/{rel}","templated":true}]}}